by 15?
13
Suppose 2*b - 70 = -4*z, -3*z + 92 = 2*z + b. Suppose -3*r - 55 = -6*r - 4*m, -r - m = -z. What is the remainder when r is divided by 11?
10
Let o(n) = n**2 - 25. Let k be o(0). Let s = 43 + k. Calculate the remainder when s is divided by 2/((-1)/(1 + -6)).
8
Let t be 1 + 1*(0 - -1). Suppose -5*s = -3 - 2. Suppose s = t*n - 7. Calculate the remainder when 11 is divided by n.
3
Let a = 108 - 68. Calculate the remainder when a is divided by 12.
4
Suppose 3*y = 4*x + 70, -5*y + 4*x + 134 = 6*x. Calculate the remainder when 77 is divided by y.
25
Let u(z) = 3*z**2 + 10*z - 12. Let b be u(8). Suppose 208 = 4*g + 4*p, -4*p - b = -5*g - p. Calculate the remainder when g is divided by (-1)/((-3)/(-108)*-2).
16
Suppose 24 = 4*p - 12. Let n = 6 - 1. Calculate the remainder when p is divided by n.
4
Let w(k) = 2*k**2 - 8*k - 1. What is the remainder when w(7) is divided by 11?
8
Let h = -15 - -26. Suppose 0*r - 252 = 5*r - x, 2*x - 154 = 3*r. Calculate the remainder when r/4*(-8)/5 is divided by h.
9
Let c = -4 - -8. Suppose 0 = -7*f + 8*f - 3. What is the remainder when c is divided by f?
1
What is the remainder when (8/24)/((-2)/(-138)) is divided by 13?
10
Suppose 0 = 5*g + 3*r - 568, r = 2*g - r - 224. Calculate the remainder when g is divided by 13.
9
Let b(a) = -a**3 + 5*a**2 + a - 3. Let c be b(5). Suppose -n - c*n = -66. Let m = -16 - -28. What is the remainder when n is divided by m?
10
Let x(b) = 8*b + 19. Calculate the remainder when x(5) is divided by 20.
19
Let u(r) = 3*r + 78. What is the remainder when u(-13) is divided by 13?
0
Suppose 4*r = -4*s + 2 - 26, -s = -2*r - 9. What is the remainder when 71 is divided by (16/r)/((-10)/75)?
23
What is the remainder when 30 is divided by -16*(0 + (-3 - -2))?
14
Suppose 0 = 5*z - 14 - 1. Suppose z*y = -5 + 23. Suppose f + 31 = w + 6*f, f + 7 = w. What is the remainder when w is divided by y?
5
Suppose 8*a = 3*a + 105. Suppose 2*h = h + 6. Calculate the remainder when a is divided by h.
3
Suppose -2*x = -0*x + 6. Let u(c) = 4*c**2 + 5*c + 2. What is the remainder when u(x) is divided by 12?
11
Let c(l) = 6*l - 9. Calculate the remainder when 58 is divided by c(4).
13
Suppose 253*g = 249*g + 64. Suppose 0 = 4*q - 2*q - 2. What is the remainder when -2*(90/(-4))/q is divided by g?
13
Let w be 3/(-12) - 27/(-12). Suppose -w*q - 4*p + 14 = -0*p, -5*q + p + 24 = 0. Calculate the remainder when 17 is divided by q.
2
Suppose 16 = 3*x - 11. Let m = x + 0. Suppose 2*y = -y + m. What is the remainder when 10 is divided by y?
1
Let b(k) = -k**3 - 8*k**2 + 8*k - 2. Suppose 14 = -2*a - 4*t, -51 = 5*a - 2*t - 4. Calculate the remainder when (-1)/((-46)/(-24) + -2) is divided by b(a).
5
Suppose -k + 15 + 3 = 0. Suppose -4*m - 4*t + 12 = -20, 4*m - t - 27 = 0. What is the remainder when k is divided by m?
4
Let s(g) = 19*g**3 + g**2 - 7*g + 5. What is the remainder when s(2) is divided by 37?
36
Let d = 28 - -2. Let p = d - 7. What is the remainder when 43 is divided by p?
20
Suppose 2*i = 4*i - 14. What is the remainder when (-3 + i)*2/4 is divided by 2?
0
Suppose -c + 5*u - 11 = 0, -u = -0*c - 3*c + 9. Suppose -2*a = -c - 2. Suppose -3*r = -12, s - 3*r = -4*s + 33. Calculate the remainder when s is divided by a.
0
Let d(r) = -r + 1. Calculate the remainder when 34 is divided by d(-9).
4
Suppose -7*z + 78 = -41. What is the remainder when 31 is divided by z?
14
Let h = 26 - 15. Let d = 3 - -17. Calculate the remainder when d is divided by h.
9
Let z(j) = 5*j**3 - 9*j**2 + 17*j - 8. What is the remainder when z(4) is divided by 40?
36
Calculate the remainder when 7 is divided by 1/(2/(-3) - -1).
1
Let r = -92 + 139. Suppose 2*u - r = -11. What is the remainder when 35 is divided by u?
17
Let a = -5 + 13. Let h = 68 - -6. Let z = h + -51. What is the remainder when z is divided by a?
7
Suppose 0*l - 2*l + 18 = 0. Let q = -7 + l. What is the remainder when 3 is divided by q?
1
Suppose 0 = 3*r - 10 - 233. What is the remainder when r is divided by 21?
18
Let f be (-1 - -7)/(2/1). Suppose -f*u - 144 = -7*u. What is the remainder when u is divided by 19?
17
Suppose -g - 155 = -6*g. Calculate the remainder when g is divided by (-2)/9 + (-146)/(-9).
15
Let p = -18 + 43. Let t be (-6)/39 + 1148/26. Let z = -31 + t. Calculate the remainder when p is divided by z.
12
Let v = -4 + 8. Suppose 82 = 5*k - v*i, -i - 6 = -4*i. Calculate the remainder when 52 is divided by k.
16
Let j = 40 - 7. What is the remainder when j is divided by 18?
15
What is the remainder when (1044/27)/((-2)/((-12)/2)) is divided by 39?
38
Suppose 4*h - 5*o - 509 = h, -h = -4*o - 158. Calculate the remainder when h is divided by 18.
16
Suppose 0 = -7*j + 54 + 23. Suppose 4*t + 4*b - 28 = 0, 4*b = -2*t + 7 + 7. What is the remainder when j is divided by t?
4
Let z(p) = -2*p**3 - 4*p**2 + p + 2. Let w = 10 + -5. Suppose -102 = -5*t + w*d + 228, 4*t + 2*d = 264. What is the remainder when t is divided by z(-3)?
15
Suppose g - 4*g = -459. Let z = -89 + g. Calculate the remainder when z is divided by 22.
20
What is the remainder when 73 is divided by (5/3 + 3 + -2)*6?
9
Suppose 2*j + 5 = -7. Let l = j + 10. Suppose 0 = -9*b + l*b + 65. Calculate the remainder when b is divided by 7.
6
Let k(s) = s + 3. Let a be k(1). Let t = a + 4. Calculate the remainder when 21 is divided by t.
5
Suppose 3*b + 26 - 5 = 0. Let w be 240/28 + 16/(-28). Let y = w - b. What is the remainder when y is divided by 8?
7
Let q = -11 + 19. What is the remainder when 31 is divided by q?
7
Let o = 53 - 11. What is the remainder when o is divided by 11?
9
Let t = 9 - 15. Let r = 3 - t. What is the remainder when 16 is divided by r?
7
Let z = 62 - -47. Calculate the remainder when z is divided by 23.
17
Let o(s) = 6*s + 2. Suppose -141 = 9*n - 510. What is the remainder when n is divided by o(2)?
13
Let q = -5 + 32. Calculate the remainder when q is divided by 7.
6
Let k(i) = -i - 2. Let g be k(-6). Let t = g + 0. Suppose 4*y = -t*f + y + 79, -3*f = -5*y - 23. What is the remainder when 30 is divided by f?
14
Suppose -2*g + 20 = 3*g. Suppose -g*b - 104 = -5*a, 0 = 3*a - 2*a - 4*b - 8. Let k = 67 + -20. What is the remainder when k is divided by a?
23
Let v(x) be the second derivative of -x**3/6 - 2*x**2 - 4*x. Calculate the remainder when 2 is divided by v(-5).
0
Suppose -j - 7 = -3*u + 21, -2*u = -4*j - 12. Let k = u + 20. What is the remainder when k/((-1)/(6/(-9))) is divided by 7?
6
Suppose -70 = -5*f - 20. What is the remainder when 27 is divided by f?
7
Suppose 0 = -4*b - 7 + 15. Calculate the remainder when 45 is divided by 15 + (b - -1)/3.
13
Let g be -1*(-1 + -7 + 2). Let y(m) = m**2 - 7*m + 6. Let h be y(g). Let f(k) = k**2 + k + 3. What is the remainder when f(h) is divided by 2?
1
Suppose 3*c - 6 = 0, -5*c = 3*f - 2 - 17. Suppose -5 = y + 3*w, -4*y + 2*w + 33 - 11 = 0. Calculate the remainder when y is divided by f.
1
Suppose 3*s + 67 = 6*s - c, -3*s = 2*c - 64. Suppose 4*a - 28 = 3*a - 5*u, 5*u - 10 = 5*a. Suppose -a*g = -g - 24. What is the remainder when s is divided by g?
10
What is the remainder when 52 is divided by 430/18 + (-1)/(-9)?
4
Let i(u) = u**3 + 9*u**2 - 26*u - 13. Calculate the remainder when 121 is divided by i(-11).
28
Let z(x) = -x**2 + 10*x - 10. Let g be (-15 + 3)*1/(-3). Calculate the remainder when 39 is divided by z(g).
11
Let h = -4 - -12. Let y = h + 2. Suppose -4 = -2*n, -y = 4*p - 5*p - 4*n. Calculate the remainder when 3 is divided by p.
1
Calculate the remainder when (-2)/(-3)*57/2 is divided by (-5 - -12) + 9/3.
9
Suppose k = 5*q - 20 - 32, 3*k = -4*q + 34. Let m(f) = f**2 + f + 2. Let y be m(0). Suppose -y*r = -0*r - 12. What is the remainder when q is divided by r?
4
Let z = 15 + 39. Let u = z - 31. What is the remainder when 90 is divided by u?
21
Let d = 7 - -3. Calculate the remainder when 58 is divided by d.
8
Calculate the remainder when 4/(-18) - 17880/(-270) is divided by 17.
15
Calculate the remainder when 181 is divided by 47/(-4 + 11 + -6).
40
What is the remainder when 30 is divided by (22 - 6)/(0 - -2)?
6
Let x = 43 - 27. Calculate the remainder when 31 is divided by x.
15
Suppose 0 = -3*c + 6*c - 234. Calculate the remainder when c is divided by 27.
24
Suppose -47*p + 36 = -43*p. Let s = 89 - 64. What is the remaind